21*x. What is the remainder when 58 is divided by y(17)?
4
Suppose 4*l - 137 = 119. Suppose 146*w - 132*w = 4444 - 62. What is the remainder when w is divided by l?
57
Suppose -17*c - 223 + 1413 = 0. Let s(g) = g**2 - 2*g + 2. Let t be s(-4). Suppose 4*b - c = t. What is the remainder when 45 is divided by b?
21
Suppose -206*a = -3*a - 812. What is the remainder when 86 is divided by a?
2
Suppose 9*s + 4224 = 32*s + 73*s. Calculate the remainder when 129 is divided by s.
41
Let p be 27 + 3/(-2)*-2. Let f be (-255)/(-6)*p/25. Suppose -3*a = -132 + f. What is the remainder when a is divided by 8?
3
Suppose -3*n + 5*r = 3*r - 135, 0 = r + 3. What is the remainder when 1202 is divided by n?
41
Suppose -3*p - p - 5*k + 38 = 0, -3*p - 2*k + 25 = 0. Suppose 4095 = -x + 12*x + 10*x. What is the remainder when x is divided by p?
6
Suppose l - 4*l = 0. Suppose l = 3*u + 3*h - 360, 6*h = -5*u + 2*h + 597. Let t = 118 - 87. Calculate the remainder when u is divided by t.
24
Suppose -5*n + 229 = 2*z, 0*n + 5*z + 203 = 4*n. Suppose -5*u - 955 = -5*s, -s - 57 = 2*u - 236. What is the remainder when s is divided by n?
46
Let s(j) be the first derivative of j**2 + 116*j + 111. What is the remainder when 725 is divided by s(-25)?
65
Suppose 0 = 5*l + 3*h - 50, 3*h - 10 = 5. Suppose 2*d - 2*q - 30 = 0, -q - l = -d - 4*q. What is the remainder when 25 is divided by d?
12
Let m(q) = q**2 - 12*q + 38. Let x be m(7). Suppose 0 = 11*c + x*c - 308. What is the remainder when 90 is divided by c?
2
Suppose 12*a - 94 = 8*a + 3*f, -2*a + 56 = 3*f. Suppose a*n - 37*n = -360. What is the remainder when 94 is divided by n?
4
Let v be 11 + -15 - (4 - 20/5). Suppose -2*d + 4*o + 66 = 0, 4*d - 157 = -2*o + 5*o. Calculate the remainder when d is divided by 6 + v - (-16 + -4).
21
Suppose 36*w - 1668 = 8808. What is the remainder when w is divided by 145?
1
Let g = 479 + -485. Suppose 5*n = -j + 113, 3*j = -3*n - 2*n + 379. Calculate the remainder when j is divided by (g + 67 - -7)/((-6)/(-3)).
31
Suppose 1 + 27 = 7*c. Suppose c*v = -v + 1110. Suppose 2*j = 4*b - 3*j - 138, 0 = 2*b - 3*j - 70. Calculate the remainder when v is divided by b.
30
Let u(r) = 38*r**2 - 53*r + 20. Let d(w) = 6*w. What is the remainder when d(7) is divided by u(1)?
2
Calculate the remainder when 304 is divided by (-111 + -3)/((-24)/16 - 0).
0
Suppose -3*r + 1030 = -5*p, 2*r - 18*p - 682 = -17*p. Calculate the remainder when r is divided by 45.
25
Let b(y) = -27*y - 424. What is the remainder when b(-30) is divided by 188?
10
Suppose m + 244 = -m. Let w be (-1270)/(-6) + (-2)/3. Let n = w + m. What is the remainder when n is divided by 45?
44
Let y = -5786 + 5997. What is the remainder when y is divided by 196?
15
Suppose 0 = -5*h + 10, h + 62 = -4*f + 2*h. Let g(m) = -m**2 - 29*m - 144. Calculate the remainder when g(f) is divided by 11.
0
Let n(d) = 29*d + 25. Let l(a) = a**3 + 11*a**2 + 9*a - 16. Let y be l(-10). Let w be n(y). Let o = -82 - w. Calculate the remainder when o is divided by 23.
21
Let b(z) = 2*z + 62. Let a be (-28)/(-8)*(-7)/(28/32). Calculate the remainder when b(a) is divided by 5.
1
Let m(v) = 218*v**3 - 2*v**2 + 15*v - 13. Let l be m(1). Let t = 267 - l. Let n = 77 + 117. Calculate the remainder when n is divided by t.
47
Let i = -7 - -26. Suppose -i*j + 11*j + 704 = 0. What is the remainder when j is divided by 4?
0
Let u(s) = -s**3 - 11*s**2 - 12*s - 18. Let b be u(-10). Let k(n) = 13*n - 27*n - 18 - n**b + n. Calculate the remainder when 42 is divided by k(-8).
20
Let s = 42 + -42. What is the remainder when 34 is divided by 6 + 6 + -1 + (s - 0)?
1
Let s(k) = -k**2 - 34*k - 156. Let z be s(-28). Calculate the remainder when (-1 + 14/z)/(2/5172) is divided by 27.
26
Let z(v) = 10*v + 55. Let y be z(-7). Calculate the remainder when (-4240)/y + 3/9 is divided by 22.
19
Suppose 0 = -9*n + 153 + 333. Calculate the remainder when 4589 is divided by n.
53
Let g(p) = p**2 + 40*p + 428. What is the remainder when 2941 is divided by g(-26)?
61
Suppose -5*j + 21 = -3*p + 4*p, -j = -3*p + 63. Let g(d) = -7 + p*d - 20*d - 13*d. Calculate the remainder when 37 is divided by g(-1).
2
Let n(w) = w**3 + 8*w**2 - 9*w + 6. Let a be n(-9). Let q(j) = 17*j - 18. Let t be q(a). Calculate the remainder when 1*t + 2 + (-2 - -4) is divided by 18.
16
Suppose -488 = -4*g + 4*c, -g + 786 = 5*g + 3*c. Calculate the remainder when 2966 is divided by g.
22
Suppose f - 78 = -14. Suppose f*y - 240 = 59*y. Calculate the remainder when y is divided by 16.
0
Let v = -46926 + 46937. Calculate the remainder when (-686)/(-9) - (-4)/(-18) is divided by v.
10
Let s = 8379 + -8342. What is the remainder when 350 is divided by s?
17
Suppose 4 = -14*n + 16*n. Suppose -n*p + 3*x = -76, -3*p + 60 = -2*p + 4*x. What is the remainder when p is divided by 8?
4
Suppose -46 = -4*m - 14. Let z(g) = -3*g - 52. Let r(l) = -17*l - 2. Let j be r(1). What is the remainder when m is divided by z(j)?
3
Let r = -2820 - -3141. What is the remainder when 1270 is divided by r?
307
Let g(i) = -36*i - 59. Let u = 19 + -21. Calculate the remainder when 57 is divided by g(u).
5
Suppose -5*n - 46 = -11. What is the remainder when 41 is divided by (-124)/n - (4 + (-90)/21)?
5
Let j(u) = -4*u**2 + 54*u - 102. Calculate the remainder when 180 is divided by j(10).
28
Suppose 8123 + 1324 = 141*v. Calculate the remainder when 2277 is divided by v.
66
Let y(g) = -g**3 - 30*g**2 + 63*g + 55. Let x be y(-32). Suppose z - 417 = 4*a - x, 5*z - 1614 = 2*a. What is the remainder when z is divided by 17?
16
Calculate the remainder when -6 + 1/((-4)/(-240)) is divided by (-10 + -125)/(-5) + -1*4.
8
Suppose -s - 489*i + 490*i + 90 = 0, 2*s - 174 = -i. What is the remainder when 6686 is divided by s?
86
Let b(t) = 2*t**2 + 16*t + 37. Let l(s) = s**3 - 12*s**2 + 5*s + 1. Let k be l(11). Let c = -16 - k. Calculate the remainder when b(-16) is divided by c.
48
Let y = -219 + 309. Suppose -u + 37 = 2*r, y = 3*u - r - 28. Calculate the remainder when u is divided by 18.
3
Let b be -5*(-8)/(-20)*8. Let s(z) = -2*z - 28. Let q be s(b). Suppose -5*v = -q*v - 2. Calculate the remainder when v is divided by 1.
0
Let c(y) = -112*y - 122*y - y**3 + 221*y - 9*y**2 + 5. Let w be c(-7). What is the remainder when 1547/14 - 3/w is divided by 29?
25
Suppose -552 = -27*q + 4*q. Suppose -u = -f + 31, 8 = 4*u + q. Calculate the remainder when f is divided by 3.
0
Suppose -5322 = 190*c - 7777 - 9135. Calculate the remainder when 264 is divided by c.
20
Suppose -7*r = 4*r. Suppose -p - 4*p + 650 = r. Calculate the remainder when p is divided by (-138)/(-4) - 42/28.
31
Let b(y) = 2*y**2 + 48*y + 46. Let l be b(23). Suppose l = 35*c - 12*c. Suppose -v - 2 = 0, 19 - 5 = 2*j + 2*v. What is the remainder when c is divided by j?
6
Let q = -12 + 26. Suppose 4*p + 5*h = 7213, -5*p + 5*h + 5401 = -2*p. Calculate the remainder when ((-4)/2)/((-68)/p) is divided by q.
11
Let y = 2 + 0. Suppose -4*h + 22 = y*d, 2*d - 3*h - 22 = -8*h. Suppose -2*q + 66 = 4*t - 44, -4*t = q - 117. Calculate the remainder when t is divided by d.
9
Let d = -20 + -41. Let u = 107 + d. Suppose 0 = 13*l - 11*l - b - 274, 5*b = -10. What is the remainder when l is divided by u?
44
Suppose 0 = -52*m + 41420 + 2416. Calculate the remainder when m is divided by 45.
33
Suppose 13*b - 5 = 8*b. Calculate the remainder when 36 is divided by (b - (-2)/(-8))*16.
0
Suppose 5*u = -3*t + 195, 1763*u = -5*t + 1765*u + 232. What is the remainder when 1/(-2) - 189/(-2) is divided by t?
44
Suppose 6*h - 151 + 421 = 0. Let s = 7 - h. Calculate the remainder when s is divided by 31.
21
Suppose 0 = 4*u + 13 + 27. Let p(f) = -2*f + 5 + 7*f - 6*f - f + f. What is the remainder when 56 is divided by p(u)?
11
Let r be 4 + 50/(-12) + 1/6. Suppose r = -4*q + 244 + 132. Calculate the remainder when q is divided by (2 - 10)*20/(-5).
30
Suppose -4*b + 5*c = -135, 0 = -2*b - 3*c + 1718 - 1645. Calculate the remainder when 521 is divided by b.
31
Let u = -16666 - -17327. Calculate the remainder when 3311 is divided by u.
6
Let c(w) be the first derivative of -w**4/4 + 13*w**3/3 + 17*w**2/2 - 27*w - 30. Suppose -4*y + 51 - 19 = 0. What is the remainder when c(14) is divided by y?
7
What is the remainder when 965 is divided by 2*(-5)/65 - 330/(-2